{"id":17,"date":"2017-07-11T13:03:06","date_gmt":"2017-07-11T11:03:06","guid":{"rendered":"https:\/\/www.vollberg-gmbh.de\/?page_id=17"},"modified":"2021-12-09T14:13:26","modified_gmt":"2021-12-09T13:13:26","slug":"leistungen","status":"publish","type":"page","link":"https:\/\/www.vollberg-gmbh.de\/?page_id=17","title":{"rendered":"Leistungen"},"content":{"rendered":"\n<style type=\"text\/css\" data-created_by=\"avia_inline_auto\" id=\"style-css-av-boypx-dc9e1bf396cc2cb8b68861477b6c5de9\">\n.avia-section.av-boypx-dc9e1bf396cc2cb8b68861477b6c5de9 .av-parallax .av-parallax-inner{\nbackground-repeat:no-repeat;\nbackground-image:url(https:\/\/www.vollberg-gmbh.de\/wp-content\/uploads\/2017\/10\/GF0A3579.jpg);\nbackground-position:50% 50%;\nbackground-attachment:scroll;\n}\n#top .avia-section.av-boypx-dc9e1bf396cc2cb8b68861477b6c5de9 .scroll-down-link{\ncolor:#7bb0e7;\n}\n<\/style>\n<div id='av_section_1'  class='avia-section av-boypx-dc9e1bf396cc2cb8b68861477b6c5de9 main_color avia-section-default avia-no-shadow  avia-builder-el-0  el_before_av_section  avia-builder-el-first  av-parallax-section avia-bg-style-parallax  av-minimum-height av-minimum-height-100  container_wrap fullsize'  data-section-bg-repeat='no-repeat' data-av_minimum_height_pc='100'><div class='av-parallax' data-avia-parallax-ratio='0.3' ><div class='av-parallax-inner main_color avia-full-stretch'><\/div><\/div><div class='av-section-color-overlay-wrap'><a href='#next-section' title='' class='scroll-down-link av-custom-scroll-down-color' aria-hidden='true' data-av_icon='\ue877' data-av_iconfont='entypo-fontello'><\/a><div class='container av-section-cont-open' ><main  role=\"main\" itemprop=\"mainContentOfPage\"  class='template-page content  av-content-full alpha units'><div class='post-entry post-entry-type-page post-entry-17'><div class='entry-content-wrapper clearfix'>\n\n<style type=\"text\/css\" data-created_by=\"avia_inline_auto\" id=\"style-css-av-9yikl-24d6294dfc63fdb9c3a33bd03551b247\">\n.flex_column.av-9yikl-24d6294dfc63fdb9c3a33bd03551b247{\nborder-radius:0px 0px 0px 0px;\n-webkit-border-radius:0px 0px 0px 0px;\n-moz-border-radius:0px 0px 0px 0px;\npadding:50px 20px 40px 20px;\nbackground-color:rgba(255,255,255,0.8);\n}\n<\/style>\n<div class='flex_column av-9yikl-24d6294dfc63fdb9c3a33bd03551b247 av_one_full  avia-builder-el-1  avia-builder-el-no-sibling  first flex_column_div  av-animated-generic bottom-to-top '   ><section  class='av_textblock_section av-advqh-0449b80429d97ba8ceee5a754dea4488 '  itemscope=\"itemscope\" itemtype=\"https:\/\/schema.org\/CreativeWork\" ><div class='avia_textblock av_inherit_color '  itemprop=\"text\" ><h2>Unsere Leistungen<\/h2>\n<\/div><\/section><br \/>\n<section  class='av_textblock_section av-993r9-dcb5c5919d72ad0adeaa249a401cbee4 '  itemscope=\"itemscope\" itemtype=\"https:\/\/schema.org\/CreativeWork\" ><div class='avia_textblock av_inherit_color '  itemprop=\"text\" ><p><span style=\"color: #333333;\"><strong>Vollberg Maschinenbau GmbH<\/strong> hat zwei Kerngebiete: Zerspanen und Schwei\u00dfen.<br \/>\n<\/span><\/p>\n<p>Durch unsere jahrelange\u00a0Kooperation mit Partnerunternehmen k\u00f6nnen wir Ihnen folgende\u00a0Oberfl\u00e4chenbehandlung Ihrer Werkst\u00fccke flexibel und kosteng\u00fcnstig anbieten:<\/p>\n<ul>\n<li>Sandstrahlen<\/li>\n<li>Glasperlenstrahlen<\/li>\n<li>Verzinken<\/li>\n<li>Pulverbeschichten<\/li>\n<li>Eloxieren<\/li>\n<li>H\u00e4rten<\/li>\n<\/ul>\n<\/div><\/section><\/p><\/div><\/div><\/div><\/main><!-- close content main element --><\/div><\/div><\/div>\n<style type=\"text\/css\" data-created_by=\"avia_inline_auto\" id=\"style-css-av-7gzch-e63f011b2b6eb35a3717ad8e1ebe4e11\">\n.avia-section.av-7gzch-e63f011b2b6eb35a3717ad8e1ebe4e11{\nbackground-color:#e8e8e8;\n}\n#top .avia-section.av-7gzch-e63f011b2b6eb35a3717ad8e1ebe4e11 .scroll-down-link{\ncolor:#7bb0e7;\n}\n<\/style>\n<div id='av_section_2'  class='avia-section av-7gzch-e63f011b2b6eb35a3717ad8e1ebe4e11 main_color avia-section-default avia-no-shadow  avia-builder-el-4  el_after_av_section  el_before_av_one_half  avia-bg-style-parallax  av-minimum-height av-minimum-height-100  container_wrap fullsize'   data-av_minimum_height_pc='100'><div class='av-section-color-overlay-wrap'><a href='#next-section' title='' class='scroll-down-link av-custom-scroll-down-color' aria-hidden='true' data-av_icon='\ue877' data-av_iconfont='entypo-fontello'><\/a><div class='container av-section-cont-open' ><div class='template-page content  av-content-full alpha units'><div class='post-entry post-entry-type-page post-entry-17'><div class='entry-content-wrapper clearfix'>\n<div class='flex_column_table av-olnt-8d15138e62a3f6bc845ece72147fa5f2 sc-av_one_half av-equal-height-column-flextable'>\n<style type=\"text\/css\" data-created_by=\"avia_inline_auto\" id=\"style-css-av-olnt-8d15138e62a3f6bc845ece72147fa5f2\">\n.flex_column.av-olnt-8d15138e62a3f6bc845ece72147fa5f2{\nborder-radius:0px 0px 0px 0px;\n-webkit-border-radius:0px 0px 0px 0px;\n-moz-border-radius:0px 0px 0px 0px;\n}\n<\/style>\n<div class='flex_column av-olnt-8d15138e62a3f6bc845ece72147fa5f2 av_one_half  avia-builder-el-5  el_before_av_one_half  avia-builder-el-first  first flex_column_table_cell av-equal-height-column av-align-top  av-animated-generic bottom-to-top av-zero-column-padding '   ><article  class=\"iconbox iconbox_top av-kwyz0arg-e652e74dd9cc440951ecde4f103d79d3  avia-builder-el-6  avia-builder-el-no-sibling  main_color \"  itemscope=\"itemscope\" itemtype=\"https:\/\/schema.org\/CreativeWork\" ><div class=\"iconbox_content\"><header class=\"entry-content-header\"><div class=\"iconbox_icon heading-color\" aria-hidden='true' data-av_icon='\ue81f' data-av_iconfont='entypo-fontello'><\/div><h3 class='iconbox_content_title  '  itemprop=\"headline\" >Zerspanen<\/h3><\/header><div class='iconbox_content_container  '  itemprop=\"text\" ><p>Eine der beiden Schwerpunkte unserer Produktion ist &#8222;Zerspanen&#8220;. Darunter versteht man prinzipiell alles, was Sp\u00e4ne produziert: Bohren, Drehen, Fr\u00e4sen, Schleifen. Im Drehbereich arbeiten wir mit angetriebenen Werkzeugen und haben die M\u00f6glichkeit mit Stangenlader zu fertigen.<\/p>\n<p>Auf modernen CNC-gesteuerten Bearbeitungszentren fr\u00e4sen wir auf 3-5 Achsen auch komplexe Bauteile mit hoher Pr\u00e4zision ab Losgr\u00f6\u00dfe 1. Wir bearbeiten die Werkstoffe Stahl, Stahlguss, Edelstahl, Aluminium, Messing und Kunststoffe.<\/p>\n<p><a href=\"https:\/\/www.vollberg-gmbh.de\/?page_id=27\">Erfahren Sie mehr&#8230;<\/a><\/p>\n<\/div><\/div><footer class=\"entry-footer\"><\/footer><\/article><\/div><div class='av-flex-placeholder'><\/div>\n<style type=\"text\/css\" data-created_by=\"avia_inline_auto\" id=\"style-css-av-av_one_half-1a0db5564b5a285dd08150400056cf1e\">\n.flex_column.av-av_one_half-1a0db5564b5a285dd08150400056cf1e{\nborder-radius:0px 0px 0px 0px;\n-webkit-border-radius:0px 0px 0px 0px;\n-moz-border-radius:0px 0px 0px 0px;\n}\n<\/style>\n<div class='flex_column av-av_one_half-1a0db5564b5a285dd08150400056cf1e av_one_half  avia-builder-el-7  el_after_av_one_half  el_before_av_one_half  flex_column_table_cell av-equal-height-column av-align-top  av-animated-generic bottom-to-top av-zero-column-padding '   ><article  class=\"iconbox iconbox_top av-kwyz1o4r-0ed53b62c0731d48221b7f349dad61a4  avia-builder-el-8  avia-builder-el-no-sibling  main_color \"  itemscope=\"itemscope\" itemtype=\"https:\/\/schema.org\/CreativeWork\" ><div class=\"iconbox_content\"><header class=\"entry-content-header\"><div class=\"iconbox_icon heading-color\" aria-hidden='true' data-av_icon='\ue81f' data-av_iconfont='entypo-fontello'><\/div><h3 class='iconbox_content_title  '  itemprop=\"headline\" >Schweisstechnik<\/h3><\/header><div class='iconbox_content_container  '  itemprop=\"text\" ><p>Mit modernen Schwei\u00dfrobotern der Marke OTC sind wir in der Lage sicherheitsrelevante Schwei\u00dfbaugruppen mit sehr hohen Schwei\u00dfnaht-Anforderungen in Serie wiederholgenau und prozesssicher im MIG\/MAG-Verfahren zu fertigen. An unseren modernen Handschwei\u00dfarbeitspl\u00e4tzen f\u00fchren unsere gepr\u00fcften Schwei\u00dfer Schwei\u00dfarbeiten f\u00fcr die Nutzfahrzeugindustrie und die Medizintechnik aus. Erforderliche Dokumentationen f\u00fcr die R\u00fcckverfolgbarkeit sind f\u00fcr uns Routine.<\/p>\n<p>Unsere Verfahren: <strong>MIG\/MAG, WIG, L\u00f6ten<\/strong><\/p>\n<p><a href=\"https:\/\/www.vollberg-gmbh.de\/?page_id=400\">Erfahren Sie mehr&#8230;<\/a><\/p>\n<\/div><\/div><footer class=\"entry-footer\"><\/footer><\/article><\/div><\/div><!--close column table wrapper. Autoclose: 1 --><div class='flex_column av-kwyzbbuy-50cd56e9a5dff409335f209b1a214013 av_one_half  avia-builder-el-9  el_after_av_one_half  el_before_av_one_half  first flex_column_div  av-animated-generic bottom-to-top column-top-margin'   ><style type=\"text\/css\" data-created_by=\"avia_inline_auto\" id=\"style-css-av-kwyzc82e-a94237fe4c5e1c1148fe465d8410c536\">\n.avia-image-container.av-kwyzc82e-a94237fe4c5e1c1148fe465d8410c536 .av-image-caption-overlay-center{\ncolor:#ffffff;\n}\n<\/style>\n<div  class='avia-image-container av-kwyzc82e-a94237fe4c5e1c1148fe465d8410c536 av-styling- avia-align-center  avia-builder-el-10  avia-builder-el-no-sibling  '  itemprop=\"image\" itemscope=\"itemscope\" itemtype=\"https:\/\/schema.org\/ImageObject\" ><div class=\"avia-image-container-inner\"><div class=\"avia-image-overlay-wrap\"><img class='wp-image-130 avia-img-lazy-loading-not-130 avia_image' src=\"https:\/\/www.vollberg-gmbh.de\/wp-content\/uploads\/2017\/08\/GF0A7339.jpg\" alt='' title=''  height=\"800\" width=\"1200\"  itemprop=\"thumbnailUrl\" srcset=\"https:\/\/www.vollberg-gmbh.de\/wp-content\/uploads\/2017\/08\/GF0A7339.jpg 1200w, https:\/\/www.vollberg-gmbh.de\/wp-content\/uploads\/2017\/08\/GF0A7339-300x200.jpg 300w, https:\/\/www.vollberg-gmbh.de\/wp-content\/uploads\/2017\/08\/GF0A7339-768x512.jpg 768w, https:\/\/www.vollberg-gmbh.de\/wp-content\/uploads\/2017\/08\/GF0A7339-1030x687.jpg 1030w, https:\/\/www.vollberg-gmbh.de\/wp-content\/uploads\/2017\/08\/GF0A7339-705x470.jpg 705w, https:\/\/www.vollberg-gmbh.de\/wp-content\/uploads\/2017\/08\/GF0A7339-450x300.jpg 450w\" sizes=\"(max-width: 1200px) 100vw, 1200px\" \/><\/div><\/div><\/div><\/div><div class='flex_column av-av_one_half-fa729a20ec76810ed29ba3a4a076df75 av_one_half  avia-builder-el-11  el_after_av_one_half  avia-builder-el-last  flex_column_div  av-animated-generic bottom-to-top column-top-margin'   ><style type=\"text\/css\" data-created_by=\"avia_inline_auto\" id=\"style-css-av-kwyzckgv-98f4c85146cfda4fe24433ab7135849a\">\n.avia-image-container.av-kwyzckgv-98f4c85146cfda4fe24433ab7135849a .av-image-caption-overlay-center{\ncolor:#ffffff;\n}\n<\/style>\n<div  class='avia-image-container av-kwyzckgv-98f4c85146cfda4fe24433ab7135849a av-styling- avia-align-center  avia-builder-el-12  avia-builder-el-no-sibling  '  itemprop=\"image\" itemscope=\"itemscope\" itemtype=\"https:\/\/schema.org\/ImageObject\" ><div class=\"avia-image-container-inner\"><div class=\"avia-image-overlay-wrap\"><img class='wp-image-529 avia-img-lazy-loading-not-529 avia_image' src=\"https:\/\/www.vollberg-gmbh.de\/wp-content\/uploads\/2017\/10\/GF0A2797.jpg\" alt='' title=''  height=\"1133\" width=\"1700\"  itemprop=\"thumbnailUrl\" srcset=\"https:\/\/www.vollberg-gmbh.de\/wp-content\/uploads\/2017\/10\/GF0A2797.jpg 1700w, https:\/\/www.vollberg-gmbh.de\/wp-content\/uploads\/2017\/10\/GF0A2797-300x200.jpg 300w, https:\/\/www.vollberg-gmbh.de\/wp-content\/uploads\/2017\/10\/GF0A2797-768x512.jpg 768w, https:\/\/www.vollberg-gmbh.de\/wp-content\/uploads\/2017\/10\/GF0A2797-1030x686.jpg 1030w, https:\/\/www.vollberg-gmbh.de\/wp-content\/uploads\/2017\/10\/GF0A2797-1500x1000.jpg 1500w, https:\/\/www.vollberg-gmbh.de\/wp-content\/uploads\/2017\/10\/GF0A2797-705x470.jpg 705w, https:\/\/www.vollberg-gmbh.de\/wp-content\/uploads\/2017\/10\/GF0A2797-450x300.jpg 450w\" sizes=\"(max-width: 1700px) 100vw, 1700px\" \/><\/div><\/div><\/div><\/div><\/div><\/div><\/div><!-- close content main div --><\/div><\/div><\/div><div id='after_section_2'  class='main_color av_default_container_wrap container_wrap fullsize'  ><div class='container av-section-cont-open' ><div class='template-page content  av-content-full alpha units'><div class='post-entry post-entry-type-page post-entry-17'><div class='entry-content-wrapper clearfix'>\n<style type=\"text\/css\" data-created_by=\"avia_inline_auto\" id=\"style-css-av-2oe5h-93b4410ba52a9db02e14d79e513b1285\">\n.flex_column.av-2oe5h-93b4410ba52a9db02e14d79e513b1285{\nborder-radius:0px 0px 0px 0px;\n-webkit-border-radius:0px 0px 0px 0px;\n-moz-border-radius:0px 0px 0px 0px;\n}\n<\/style>\n<div class='flex_column av-2oe5h-93b4410ba52a9db02e14d79e513b1285 av_one_half  avia-builder-el-13  el_after_av_section  el_before_av_one_half  avia-builder-el-first  first flex_column_div  av-animated-generic bottom-to-top av-zero-column-padding '   ><article  class=\"iconbox iconbox_top av-2c8vt-2067323bd79cd7441a46284935abbaff  avia-builder-el-14  avia-builder-el-no-sibling  main_color \"  itemscope=\"itemscope\" itemtype=\"https:\/\/schema.org\/CreativeWork\" ><div class=\"iconbox_content\"><header class=\"entry-content-header\"><div class=\"iconbox_icon heading-color\" aria-hidden='true' data-av_icon='\ue854' data-av_iconfont='entypo-fontello'><\/div><h3 class='iconbox_content_title  '  itemprop=\"headline\" ><a href='https:\/\/www.vollberg-gmbh.de\/?page_id=25' title='Rufen Sie uns an.'  >Rufen Sie uns an.<\/a><\/h3><\/header><div class='iconbox_content_container  '  itemprop=\"text\" ><p>+49 (0) 6081 \/ 96 58 00<\/p>\n<\/div><\/div><footer class=\"entry-footer\"><\/footer><\/article><\/div><\/p>\n\n<style type=\"text\/css\" data-created_by=\"avia_inline_auto\" id=\"style-css-av-1b8h5-ac99c5b1b05c968753828a863e3990b7\">\n.flex_column.av-1b8h5-ac99c5b1b05c968753828a863e3990b7{\nborder-radius:0px 0px 0px 0px;\n-webkit-border-radius:0px 0px 0px 0px;\n-moz-border-radius:0px 0px 0px 0px;\n}\n<\/style>\n<div class='flex_column av-1b8h5-ac99c5b1b05c968753828a863e3990b7 av_one_half  avia-builder-el-15  el_after_av_one_half  avia-builder-el-last  flex_column_div  av-animated-generic bottom-to-top av-zero-column-padding '   ><article  class=\"iconbox iconbox_top av-p511-aad18a92d54e5c99b9b534324ac1b8f4  avia-builder-el-16  avia-builder-el-no-sibling  main_color \"  itemscope=\"itemscope\" itemtype=\"https:\/\/schema.org\/CreativeWork\" ><div class=\"iconbox_content\"><header class=\"entry-content-header\"><div class=\"iconbox_icon heading-color\" aria-hidden='true' data-av_icon='\ue805' data-av_iconfont='entypo-fontello'><\/div><h3 class='iconbox_content_title  '  itemprop=\"headline\" ><a href='mailto:info@vollberg-gmbh.de' title='Schreiben Sie uns eine E-Mail.'  >Schreiben Sie uns eine E-Mail.<\/a><\/h3><\/header><div class='iconbox_content_container  '  itemprop=\"text\" ><p>info@vollberg-gmbh.de<\/p>\n<\/div><\/div><footer class=\"entry-footer\"><\/footer><\/article><\/div>\n","protected":false},"excerpt":{"rendered":"","protected":false},"author":1,"featured_media":0,"parent":0,"menu_order":0,"comment_status":"closed","ping_status":"closed","template":"","meta":[],"_links":{"self":[{"href":"https:\/\/www.vollberg-gmbh.de\/index.php?rest_route=\/wp\/v2\/pages\/17"}],"collection":[{"href":"https:\/\/www.vollberg-gmbh.de\/index.php?rest_route=\/wp\/v2\/pages"}],"about":[{"href":"https:\/\/www.vollberg-gmbh.de\/index.php?rest_route=\/wp\/v2\/types\/page"}],"author":[{"embeddable":true,"href":"https:\/\/www.vollberg-gmbh.de\/index.php?rest_route=\/wp\/v2\/users\/1"}],"replies":[{"embeddable":true,"href":"https:\/\/www.vollberg-gmbh.de\/index.php?rest_route=%2Fwp%2Fv2%2Fcomments&post=17"}],"version-history":[{"count":65,"href":"https:\/\/www.vollberg-gmbh.de\/index.php?rest_route=\/wp\/v2\/pages\/17\/revisions"}],"predecessor-version":[{"id":1287,"href":"https:\/\/www.vollberg-gmbh.de\/index.php?rest_route=\/wp\/v2\/pages\/17\/revisions\/1287"}],"wp:attachment":[{"href":"https:\/\/www.vollberg-gmbh.de\/index.php?rest_route=%2Fwp%2Fv2%2Fmedia&parent=17"}],"curies":[{"name":"wp","href":"https:\/\/api.w.org\/{rel}","templated":true}]}}