{"id":21,"date":"2017-07-11T13:04:15","date_gmt":"2017-07-11T11:04:15","guid":{"rendered":"https:\/\/www.vollberg-gmbh.de\/?page_id=21"},"modified":"2021-12-09T15:06:16","modified_gmt":"2021-12-09T14:06:16","slug":"referenzen","status":"publish","type":"page","link":"https:\/\/www.vollberg-gmbh.de\/?page_id=21","title":{"rendered":"Referenzen"},"content":{"rendered":"\n<style type=\"text\/css\" data-created_by=\"avia_inline_auto\" id=\"style-css-av-9mb59-8889f44ba24da93177fe8c23eba66163\">\n.avia-section.av-9mb59-8889f44ba24da93177fe8c23eba66163 .av-parallax .av-parallax-inner{\nbackground-repeat:no-repeat;\nbackground-image:url(https:\/\/www.vollberg-gmbh.de\/wp-content\/uploads\/2017\/08\/GF0A7469.jpg);\nbackground-position:0% 100%;\nbackground-attachment:scroll;\n}\n<\/style>\n<div id='av_section_1'  class='avia-section av-9mb59-8889f44ba24da93177fe8c23eba66163 main_color avia-section-default avia-no-shadow  avia-builder-el-0  el_before_av_section  avia-builder-el-first  av-parallax-section avia-bg-style-parallax  av-minimum-height av-minimum-height-100  container_wrap fullsize'  data-section-bg-repeat='no-repeat' data-av_minimum_height_pc='100'><div class='av-parallax' data-avia-parallax-ratio='0.3' ><div class='av-parallax-inner main_color avia-full-stretch'><\/div><\/div><div class='av-section-color-overlay-wrap'><a href='#next-section' title='' class='scroll-down-link ' aria-hidden='true' data-av_icon='\ue877' data-av_iconfont='entypo-fontello'><\/a><div class='container av-section-cont-open' ><main  role=\"main\" itemprop=\"mainContentOfPage\"  class='template-page content  av-content-full alpha units'><div class='post-entry post-entry-type-page post-entry-21'><div class='entry-content-wrapper clearfix'>\n\n<style type=\"text\/css\" data-created_by=\"avia_inline_auto\" id=\"style-css-av-974rt-5350f8e9a878d538eda493659f15a993\">\n.avia-image-container.av-974rt-5350f8e9a878d538eda493659f15a993 .av-image-caption-overlay-center{\ncolor:#ffffff;\n}\n<\/style>\n<div  class='avia-image-container av-974rt-5350f8e9a878d538eda493659f15a993 av-styling- avia_animated_image avia_animate_when_almost_visible bottom-to-top avia-align-center  avia-builder-el-1  avia-builder-el-no-sibling  '  itemprop=\"image\" itemscope=\"itemscope\" itemtype=\"https:\/\/schema.org\/ImageObject\" ><div class=\"avia-image-container-inner\"><div class=\"avia-image-overlay-wrap\"><img class='wp-image-181 avia-img-lazy-loading-not-181 avia_image' src=\"https:\/\/www.vollberg-gmbh.de\/wp-content\/uploads\/2017\/08\/vollberg500x-300x300.png\" alt='' title=''  height=\"300\" width=\"300\"  itemprop=\"thumbnailUrl\" srcset=\"https:\/\/www.vollberg-gmbh.de\/wp-content\/uploads\/2017\/08\/vollberg500x-300x300.png 300w, https:\/\/www.vollberg-gmbh.de\/wp-content\/uploads\/2017\/08\/vollberg500x-80x80.png 80w, https:\/\/www.vollberg-gmbh.de\/wp-content\/uploads\/2017\/08\/vollberg500x-36x36.png 36w, https:\/\/www.vollberg-gmbh.de\/wp-content\/uploads\/2017\/08\/vollberg500x-180x180.png 180w, https:\/\/www.vollberg-gmbh.de\/wp-content\/uploads\/2017\/08\/vollberg500x-120x120.png 120w, https:\/\/www.vollberg-gmbh.de\/wp-content\/uploads\/2017\/08\/vollberg500x-450x450.png 450w, https:\/\/www.vollberg-gmbh.de\/wp-content\/uploads\/2017\/08\/vollberg500x.png 500w\" sizes=\"(max-width: 300px) 100vw, 300px\" \/><\/div><\/div><\/div>\n\n<\/div><\/div><\/main><!-- close content main element --><\/div><\/div><\/div>\n<style type=\"text\/css\" data-created_by=\"avia_inline_auto\" id=\"style-css-av-kwz0gw08-b58c3d249b5dda015a91d3480a59e2e6\">\n#top .avia-section.av-kwz0gw08-b58c3d249b5dda015a91d3480a59e2e6 .scroll-down-link{\ncolor:#7bb0e7;\n}\n<\/style>\n<div id='av_section_2'  class='avia-section av-kwz0gw08-b58c3d249b5dda015a91d3480a59e2e6 main_color avia-section-default avia-no-border-styling  avia-builder-el-2  el_after_av_section  el_before_av_section  avia-bg-style-scroll  av-minimum-height av-minimum-height-100  container_wrap fullsize'   data-av_minimum_height_pc='100'><div class='av-section-color-overlay-wrap'><a href='#next-section' title='' class='scroll-down-link av-custom-scroll-down-color' aria-hidden='true' data-av_icon='\ue877' data-av_iconfont='entypo-fontello'><\/a><div class='container av-section-cont-open' ><div class='template-page content  av-content-full alpha units'><div class='post-entry post-entry-type-page post-entry-21'><div class='entry-content-wrapper clearfix'>\n\n<style type=\"text\/css\" data-created_by=\"avia_inline_auto\" id=\"style-css-av-8weql-c2331fe8569d415e50bf962a19ceb1dc\">\n.flex_column.av-8weql-c2331fe8569d415e50bf962a19ceb1dc{\nborder-radius:0px 0px 0px 0px;\n-webkit-border-radius:0px 0px 0px 0px;\n-moz-border-radius:0px 0px 0px 0px;\n}\n<\/style>\n<div class='flex_column av-8weql-c2331fe8569d415e50bf962a19ceb1dc av_one_half  avia-builder-el-3  el_before_av_one_half  avia-builder-el-first  first flex_column_div  av-animated-generic bottom-to-top av-zero-column-padding '   ><style type=\"text\/css\" data-created_by=\"avia_inline_auto\" id=\"style-css-av-89x0l-6712a224d5ef8e878fb04080d85149a7\">\n#top .avia-icon-list-container.av-89x0l-6712a224d5ef8e878fb04080d85149a7 .iconlist_icon{\nbackground-color:#009bdd;\n}\n<\/style>\n<div  class='avia-icon-list-container av-89x0l-6712a224d5ef8e878fb04080d85149a7  avia-builder-el-4  avia-builder-el-no-sibling  '><ul class='avia-icon-list avia_animate_when_almost_visible avia-icon-list-left av-iconlist-big av-89x0l-6712a224d5ef8e878fb04080d85149a7 avia-iconlist-animate'>\n<li><div class='iconlist_icon av-7hfxt-a17dd5a4767255be44dc374c56744907 avia-font-entypo-fontello'><span class='iconlist-char ' aria-hidden='true' data-av_icon='\ue810' data-av_iconfont='entypo-fontello'><\/span><\/div><article class=\"article-icon-entry \"  itemscope=\"itemscope\" itemtype=\"https:\/\/schema.org\/CreativeWork\" ><div class='iconlist_content_wrap'><header class=\"entry-content-header\"><h4 class='av_iconlist_title iconlist_title   '  itemprop=\"headline\" >Nutzfahrzeugtechnik<\/h4><\/header><div class='iconlist_content  '  itemprop=\"text\" ><ul>\n<li>Schwei\u00dfbaugruppen in Serie<\/li>\n<li>Verschiebeeinrichtungen<\/li>\n<li>Teile f\u00fcr Hubeinrichtungen und Sattelkupplungen<\/li>\n<li>Montageplatten (Unterkonstruktionen f\u00fcr Sattelkupplungen)<\/li>\n<li>Werkstoffe: S235, S355, Guss<\/li>\n<\/ul>\n<\/div><\/div><footer class=\"entry-footer\"><\/footer><\/article><div class='iconlist-timeline'><\/div><\/li>\n<li><div class='iconlist_icon av-6nu1l-a0168d533b3c6d37ab584ed0789b820e avia-font-entypo-fontello'><span class='iconlist-char ' aria-hidden='true' data-av_icon='\ue818' data-av_iconfont='entypo-fontello'><\/span><\/div><article class=\"article-icon-entry \"  itemscope=\"itemscope\" itemtype=\"https:\/\/schema.org\/CreativeWork\" ><div class='iconlist_content_wrap'><header class=\"entry-content-header\"><h4 class='av_iconlist_title iconlist_title   '  itemprop=\"headline\" >Medizintechnik<\/h4><\/header><div class='iconlist_content  '  itemprop=\"text\" ><ul>\n<li>Dreh- und Fr\u00e4steile f\u00fcr HNO-Behandlungsstuhl-Einheiten\n<ul>\n<li>Werkstoffe: Al, VA, St, Messing, POM<\/li>\n<\/ul>\n<\/li>\n<\/ul>\n<\/div><\/div><footer class=\"entry-footer\"><\/footer><\/article><div class='iconlist-timeline'><\/div><\/li>\n<li><div class='iconlist_icon av-655l9-cae36106c3263df7fa1bd2889d7e0449 avia-font-entypo-fontello'><span class='iconlist-char ' aria-hidden='true' data-av_icon='\ue846' data-av_iconfont='entypo-fontello'><\/span><\/div><article class=\"article-icon-entry \"  itemscope=\"itemscope\" itemtype=\"https:\/\/schema.org\/CreativeWork\" ><div class='iconlist_content_wrap'><header class=\"entry-content-header\"><h4 class='av_iconlist_title iconlist_title   '  itemprop=\"headline\" >Filtertechnik<\/h4><\/header><div class='iconlist_content  '  itemprop=\"text\" ><ul>\n<li>Verbindungsteile, Stutzenrohre, Adapterflansche, Kranlaschen, Winkel<\/li>\n<\/ul>\n<\/div><\/div><footer class=\"entry-footer\"><\/footer><\/article><div class='iconlist-timeline'><\/div><\/li>\n<li><div class='iconlist_icon av-5q88t-2a0294bc9437ad81c6c6a430dd6ef878 avia-font-entypo-fontello'><span class='iconlist-char ' aria-hidden='true' data-av_icon='\ue856' data-av_iconfont='entypo-fontello'><\/span><\/div><article class=\"article-icon-entry \"  itemscope=\"itemscope\" itemtype=\"https:\/\/schema.org\/CreativeWork\" ><div class='iconlist_content_wrap'><header class=\"entry-content-header\"><h4 class='av_iconlist_title iconlist_title   '  itemprop=\"headline\" >Maschinenbau<\/h4><\/header><div class='iconlist_content  '  itemprop=\"text\" ><ul>\n<li>Verschwei\u00dfte Kantteile (St) f\u00fcr Laser- und Plasmaschneidanlagen<\/li>\n<\/ul>\n<\/div><\/div><footer class=\"entry-footer\"><\/footer><\/article><div class='iconlist-timeline'><\/div><\/li>\n<li><div class='iconlist_icon av-5altl-4aa18670d942a2849e250acab66ab042 avia-font-entypo-fontello'><span class='iconlist-char ' aria-hidden='true' data-av_icon='\ue853' data-av_iconfont='entypo-fontello'><\/span><\/div><article class=\"article-icon-entry \"  itemscope=\"itemscope\" itemtype=\"https:\/\/schema.org\/CreativeWork\" ><div class='iconlist_content_wrap'><header class=\"entry-content-header\"><h4 class='av_iconlist_title iconlist_title   '  itemprop=\"headline\" >Telekommunikation<\/h4><\/header><div class='iconlist_content  '  itemprop=\"text\" ><ul>\n<li>Kantteile, Hauben, Rohrplatten, H\u00fclsen (VA)<\/li>\n<li>Antennenf\u00fc\u00dfe, SAT-St\u00fctzen, Antennenhalter, Bremsflansche<\/li>\n<\/ul>\n<\/div><\/div><footer class=\"entry-footer\"><\/footer><\/article><div class='iconlist-timeline'><\/div><\/li>\n<\/ul><\/div><\/div>\n<style type=\"text\/css\" data-created_by=\"avia_inline_auto\" id=\"style-css-av-4kmhd-01f50c61301b9f8c7b8c42fda8735d7c\">\n.flex_column.av-4kmhd-01f50c61301b9f8c7b8c42fda8735d7c{\nborder-radius:0px 0px 0px 0px;\n-webkit-border-radius:0px 0px 0px 0px;\n-moz-border-radius:0px 0px 0px 0px;\n}\n<\/style>\n<div class='flex_column av-4kmhd-01f50c61301b9f8c7b8c42fda8735d7c av_one_half  avia-builder-el-5  el_after_av_one_half  avia-builder-el-last  flex_column_div  av-animated-generic right-to-left av-zero-column-padding '   ><section  class='av_textblock_section av-3px05-8086b5cfa76f9f2661362b86519cbb3e '  itemscope=\"itemscope\" itemtype=\"https:\/\/schema.org\/CreativeWork\" ><div class='avia_textblock '  itemprop=\"text\" ><p><img loading=\"lazy\" class=\"alignnone size-full wp-image-648\" src=\"https:\/\/www.vollberg-gmbh.de\/wp-content\/uploads\/2017\/07\/Taster3dAnimation.png\" alt=\"\" width=\"1080\" height=\"1080\" srcset=\"https:\/\/www.vollberg-gmbh.de\/wp-content\/uploads\/2017\/07\/Taster3dAnimation.png 1080w, https:\/\/www.vollberg-gmbh.de\/wp-content\/uploads\/2017\/07\/Taster3dAnimation-80x80.png 80w, https:\/\/www.vollberg-gmbh.de\/wp-content\/uploads\/2017\/07\/Taster3dAnimation-300x300.png 300w, https:\/\/www.vollberg-gmbh.de\/wp-content\/uploads\/2017\/07\/Taster3dAnimation-768x768.png 768w, https:\/\/www.vollberg-gmbh.de\/wp-content\/uploads\/2017\/07\/Taster3dAnimation-1030x1030.png 1030w, https:\/\/www.vollberg-gmbh.de\/wp-content\/uploads\/2017\/07\/Taster3dAnimation-36x36.png 36w, https:\/\/www.vollberg-gmbh.de\/wp-content\/uploads\/2017\/07\/Taster3dAnimation-180x180.png 180w, https:\/\/www.vollberg-gmbh.de\/wp-content\/uploads\/2017\/07\/Taster3dAnimation-705x705.png 705w, https:\/\/www.vollberg-gmbh.de\/wp-content\/uploads\/2017\/07\/Taster3dAnimation-120x120.png 120w, https:\/\/www.vollberg-gmbh.de\/wp-content\/uploads\/2017\/07\/Taster3dAnimation-450x450.png 450w\" sizes=\"(max-width: 1080px) 100vw, 1080px\" \/><\/p>\n<\/div><\/section><\/div>\n\n<\/div><\/div><\/div><!-- close content main div --><\/div><\/div><\/div>\n<style type=\"text\/css\" data-created_by=\"avia_inline_auto\" id=\"style-css-av-kwz19uol-7c3a1d6e3c63e0c4c6adb3429e81b48c\">\n.avia-section.av-kwz19uol-7c3a1d6e3c63e0c4c6adb3429e81b48c{\nbackground-color:#e8e8e8;\n}\n<\/style>\n<div id='av_section_3'  class='avia-section av-kwz19uol-7c3a1d6e3c63e0c4c6adb3429e81b48c main_color avia-section-default avia-no-border-styling  avia-builder-el-7  el_after_av_section  avia-builder-el-last  avia-bg-style-scroll  container_wrap fullsize'  ><div class='container av-section-cont-open' ><div class='template-page content  av-content-full alpha units'><div class='post-entry post-entry-type-page post-entry-21'><div class='entry-content-wrapper clearfix'>\n\n<style type=\"text\/css\" data-created_by=\"avia_inline_auto\" id=\"style-css-av-2y7ml-dd605f1e400499a1a579a1cfc049d353\">\n.flex_column.av-2y7ml-dd605f1e400499a1a579a1cfc049d353{\nborder-radius:0px 0px 0px 0px;\n-webkit-border-radius:0px 0px 0px 0px;\n-moz-border-radius:0px 0px 0px 0px;\n}\n<\/style>\n<div class='flex_column av-2y7ml-dd605f1e400499a1a579a1cfc049d353 av_one_half  avia-builder-el-8  el_before_av_one_half  avia-builder-el-first  first flex_column_div  av-animated-generic bottom-to-top av-zero-column-padding '   ><article  class=\"iconbox iconbox_top av-220r5-a777f9f3cbd83fb90035ab73925d3233  avia-builder-el-9  avia-builder-el-no-sibling  main_color \"  itemscope=\"itemscope\" itemtype=\"https:\/\/schema.org\/CreativeWork\" ><div class=\"iconbox_content\"><header class=\"entry-content-header\"><div class=\"iconbox_icon heading-color\" aria-hidden='true' data-av_icon='\ue854' data-av_iconfont='entypo-fontello'><\/div><h3 class='iconbox_content_title  '  itemprop=\"headline\" ><a href='https:\/\/www.vollberg-gmbh.de\/?page_id=25' title='Rufen Sie uns an.'  >Rufen Sie uns an.<\/a><\/h3><\/header><div class='iconbox_content_container  '  itemprop=\"text\" ><p>+49 (0) 6081 \/ 96 58 00<\/p>\n<\/div><\/div><footer class=\"entry-footer\"><\/footer><\/article><\/div>\n<style type=\"text\/css\" data-created_by=\"avia_inline_auto\" id=\"style-css-av-1l16h-099cebba4b503e294ec58b6d522693c9\">\n.flex_column.av-1l16h-099cebba4b503e294ec58b6d522693c9{\nborder-radius:0px 0px 0px 0px;\n-webkit-border-radius:0px 0px 0px 0px;\n-moz-border-radius:0px 0px 0px 0px;\n}\n<\/style>\n<div class='flex_column av-1l16h-099cebba4b503e294ec58b6d522693c9 av_one_half  avia-builder-el-10  el_after_av_one_half  avia-builder-el-last  flex_column_div  av-animated-generic bottom-to-top av-zero-column-padding '   ><article  class=\"iconbox iconbox_top av-py9x-c855957e6f9af87c0a19c4346659c998  avia-builder-el-11  avia-builder-el-no-sibling  main_color \"  itemscope=\"itemscope\" itemtype=\"https:\/\/schema.org\/CreativeWork\" ><div class=\"iconbox_content\"><header class=\"entry-content-header\"><div class=\"iconbox_icon heading-color\" aria-hidden='true' data-av_icon='\ue805' data-av_iconfont='entypo-fontello'><\/div><h3 class='iconbox_content_title  '  itemprop=\"headline\" ><a href='mailto:info@vollberg-gmbh.de' title='Schreiben Sie uns eine E-Mail.'  >Schreiben Sie uns eine E-Mail.<\/a><\/h3><\/header><div class='iconbox_content_container  '  itemprop=\"text\" ><p>info@vollberg-gmbh.de<\/p>\n<\/div><\/div><footer class=\"entry-footer\"><\/footer><\/article><\/div>\n","protected":false},"excerpt":{"rendered":"","protected":false},"author":1,"featured_media":0,"parent":0,"menu_order":0,"comment_status":"closed","ping_status":"closed","template":"","meta":[],"_links":{"self":[{"href":"https:\/\/www.vollberg-gmbh.de\/index.php?rest_route=\/wp\/v2\/pages\/21"}],"collection":[{"href":"https:\/\/www.vollberg-gmbh.de\/index.php?rest_route=\/wp\/v2\/pages"}],"about":[{"href":"https:\/\/www.vollberg-gmbh.de\/index.php?rest_route=\/wp\/v2\/types\/page"}],"author":[{"embeddable":true,"href":"https:\/\/www.vollberg-gmbh.de\/index.php?rest_route=\/wp\/v2\/users\/1"}],"replies":[{"embeddable":true,"href":"https:\/\/www.vollberg-gmbh.de\/index.php?rest_route=%2Fwp%2Fv2%2Fcomments&post=21"}],"version-history":[{"count":37,"href":"https:\/\/www.vollberg-gmbh.de\/index.php?rest_route=\/wp\/v2\/pages\/21\/revisions"}],"predecessor-version":[{"id":1412,"href":"https:\/\/www.vollberg-gmbh.de\/index.php?rest_route=\/wp\/v2\/pages\/21\/revisions\/1412"}],"wp:attachment":[{"href":"https:\/\/www.vollberg-gmbh.de\/index.php?rest_route=%2Fwp%2Fv2%2Fmedia&parent=21"}],"curies":[{"name":"wp","href":"https:\/\/api.w.org\/{rel}","templated":true}]}}