{"id":27,"date":"2017-07-11T13:10:28","date_gmt":"2017-07-11T11:10:28","guid":{"rendered":"https:\/\/www.vollberg-gmbh.de\/?page_id=27"},"modified":"2021-12-09T14:32:25","modified_gmt":"2021-12-09T13:32:25","slug":"spanen","status":"publish","type":"page","link":"https:\/\/www.vollberg-gmbh.de\/?page_id=27","title":{"rendered":"Zerspanen"},"content":{"rendered":"\n<style type=\"text\/css\" data-created_by=\"avia_inline_auto\" id=\"style-css-av-ei997-aaab61d0c784b0223bc7ab85337ad890\">\n.avia-section.av-ei997-aaab61d0c784b0223bc7ab85337ad890 .av-parallax .av-parallax-inner{\nbackground-repeat:no-repeat;\nbackground-image:url(https:\/\/www.vollberg-gmbh.de\/wp-content\/uploads\/2017\/08\/GF0A7503.jpg);\nbackground-position:50% 50%;\nbackground-attachment:scroll;\n}\n#top .avia-section.av-ei997-aaab61d0c784b0223bc7ab85337ad890 .scroll-down-link{\ncolor:#7bb0e7;\n}\n<\/style>\n<div id='av_section_1'  class='avia-section av-ei997-aaab61d0c784b0223bc7ab85337ad890 main_color avia-section-default avia-no-shadow  avia-builder-el-0  el_before_av_two_third  avia-builder-el-first  av-parallax-section avia-bg-style-parallax  av-minimum-height av-minimum-height-100  container_wrap fullsize'  data-section-bg-repeat='no-repeat' data-av_minimum_height_pc='100'><div class='av-parallax' data-avia-parallax-ratio='0.3' ><div class='av-parallax-inner main_color avia-full-stretch'><\/div><\/div><div class='av-section-color-overlay-wrap'><a href='#next-section' title='' class='scroll-down-link av-custom-scroll-down-color' aria-hidden='true' data-av_icon='\ue877' data-av_iconfont='entypo-fontello'><\/a><div class='container av-section-cont-open' ><main  role=\"main\" itemprop=\"mainContentOfPage\"  class='template-page content  av-content-full alpha units'><div class='post-entry post-entry-type-page post-entry-27'><div class='entry-content-wrapper clearfix'>\n\n<style type=\"text\/css\" data-created_by=\"avia_inline_auto\" id=\"style-css-av-dtkzf-68f25d0cdc16983aee52c384d80f5661\">\n.flex_column.av-dtkzf-68f25d0cdc16983aee52c384d80f5661{\nborder-radius:0px 0px 0px 0px;\n-webkit-border-radius:0px 0px 0px 0px;\n-moz-border-radius:0px 0px 0px 0px;\n}\n<\/style>\n<div class='flex_column av-dtkzf-68f25d0cdc16983aee52c384d80f5661 av_one_fourth  avia-builder-el-1  el_before_av_one_half  avia-builder-el-first  first flex_column_div av-zero-column-padding '   ><\/div>\n<style type=\"text\/css\" data-created_by=\"avia_inline_auto\" id=\"style-css-av-dnfav-66c715297aa8e04087a04f9730062a85\">\n.flex_column.av-dnfav-66c715297aa8e04087a04f9730062a85{\nborder-radius:0px 0px 0px 0px;\n-webkit-border-radius:0px 0px 0px 0px;\n-moz-border-radius:0px 0px 0px 0px;\n}\n<\/style>\n<div class='flex_column av-dnfav-66c715297aa8e04087a04f9730062a85 av_one_half  avia-builder-el-2  el_after_av_one_fourth  el_before_av_one_fourth  flex_column_div av-zero-column-padding '   ><style type=\"text\/css\" data-created_by=\"avia_inline_auto\" id=\"style-css-av-cqyuz-362ea0ea8b2b8a4b8c65f978f8e25f98\">\n.avia-image-container.av-cqyuz-362ea0ea8b2b8a4b8c65f978f8e25f98 .av-image-caption-overlay-center{\ncolor:#ffffff;\n}\n<\/style>\n<div  class='avia-image-container av-cqyuz-362ea0ea8b2b8a4b8c65f978f8e25f98 av-styling- avia_animated_image avia_animate_when_almost_visible av-rotateIn avia-align-center  avia-builder-el-3  avia-builder-el-no-sibling  '  itemprop=\"image\" itemscope=\"itemscope\" itemtype=\"https:\/\/schema.org\/ImageObject\" ><div class=\"avia-image-container-inner\"><div class=\"avia-image-overlay-wrap\"><img class='wp-image-295 avia-img-lazy-loading-not-295 avia_image' src=\"https:\/\/www.vollberg-gmbh.de\/wp-content\/uploads\/2017\/07\/7419-300x300.png\" alt='' title='7419'  height=\"300\" width=\"300\"  itemprop=\"thumbnailUrl\" srcset=\"https:\/\/www.vollberg-gmbh.de\/wp-content\/uploads\/2017\/07\/7419-300x300.png 300w, https:\/\/www.vollberg-gmbh.de\/wp-content\/uploads\/2017\/07\/7419-80x80.png 80w, https:\/\/www.vollberg-gmbh.de\/wp-content\/uploads\/2017\/07\/7419-768x768.png 768w, https:\/\/www.vollberg-gmbh.de\/wp-content\/uploads\/2017\/07\/7419-1030x1030.png 1030w, https:\/\/www.vollberg-gmbh.de\/wp-content\/uploads\/2017\/07\/7419-36x36.png 36w, https:\/\/www.vollberg-gmbh.de\/wp-content\/uploads\/2017\/07\/7419-180x180.png 180w, https:\/\/www.vollberg-gmbh.de\/wp-content\/uploads\/2017\/07\/7419-705x705.png 705w, https:\/\/www.vollberg-gmbh.de\/wp-content\/uploads\/2017\/07\/7419-120x120.png 120w, https:\/\/www.vollberg-gmbh.de\/wp-content\/uploads\/2017\/07\/7419-450x450.png 450w, https:\/\/www.vollberg-gmbh.de\/wp-content\/uploads\/2017\/07\/7419.png 1200w\" sizes=\"(max-width: 300px) 100vw, 300px\" \/><\/div><\/div><\/div><\/div>\n<style type=\"text\/css\" data-created_by=\"avia_inline_auto\" id=\"style-css-av-cczun-e311114a9a38e649e851158f6f381b18\">\n.flex_column.av-cczun-e311114a9a38e649e851158f6f381b18{\nborder-radius:0px 0px 0px 0px;\n-webkit-border-radius:0px 0px 0px 0px;\n-moz-border-radius:0px 0px 0px 0px;\npadding:250px 0px 0px 30px;\n}\n<\/style>\n<div class='flex_column av-cczun-e311114a9a38e649e851158f6f381b18 av_one_fourth  avia-builder-el-4  el_after_av_one_half  avia-builder-el-last  flex_column_div av-hide-on-mobile '   ><\/div>\n<\/div><\/div><\/main><!-- close content main element --><\/div><\/div><\/div><div id='after_section_1'  class='main_color av_default_container_wrap container_wrap fullsize'  ><div class='container av-section-cont-open' ><div class='template-page content  av-content-full alpha units'><div class='post-entry post-entry-type-page post-entry-27'><div class='entry-content-wrapper clearfix'>\n\n<style type=\"text\/css\" data-created_by=\"avia_inline_auto\" id=\"style-css-av-b2ern-b0166278eb27519db5617b93df737b0a\">\n.flex_column.av-b2ern-b0166278eb27519db5617b93df737b0a{\nborder-radius:0px 0px 0px 0px;\n-webkit-border-radius:0px 0px 0px 0px;\n-moz-border-radius:0px 0px 0px 0px;\n}\n<\/style>\n<div class='flex_column av-b2ern-b0166278eb27519db5617b93df737b0a av_two_third  avia-builder-el-5  el_after_av_section  el_before_av_one_third  avia-builder-el-first  first flex_column_div  av-animated-generic bottom-to-top av-zero-column-padding '   ><section  class='av_textblock_section av-aed3r-23c17b1c0ebba1f4c85544c1ea536e23 '  itemscope=\"itemscope\" itemtype=\"https:\/\/schema.org\/CreativeWork\" ><div class='avia_textblock '  itemprop=\"text\" ><div class=\"image-comparator overlay <strong>rounded-handle<\/strong>\" style=\"width: 100%;\"data-ic-value=\"50\"><div class=\"images\"><div class=\"left\" ><img src = \"https:\/\/www.vollberg-gmbh.de\/wp-content\/uploads\/2017\/08\/AluBlock7450_2.jpg\" alt=\"\" title=\"\"\/><\/div><div class=\"right\" ><img src = \"https:\/\/www.vollberg-gmbh.de\/wp-content\/uploads\/2017\/08\/AluBlock7450_1.jpg\" alt=\"\" title=\"\"\/><\/div><div class=\"ic-clear\"><!-- Empty --><\/div><\/div><div class=\"slider-wrapper\"><div class=\"slider\" ><!-- Empty --><\/div><\/div><\/div >\n<\/div><\/section><\/div>\n<style type=\"text\/css\" data-created_by=\"avia_inline_auto\" id=\"style-css-av-9n4xn-444a229ecbc9e8f968b837a364f1191c\">\n.flex_column.av-9n4xn-444a229ecbc9e8f968b837a364f1191c{\nborder-radius:0px 0px 0px 0px;\n-webkit-border-radius:0px 0px 0px 0px;\n-moz-border-radius:0px 0px 0px 0px;\n}\n<\/style>\n<div class='flex_column av-9n4xn-444a229ecbc9e8f968b837a364f1191c av_one_third  avia-builder-el-7  el_after_av_two_third  el_before_av_hr  flex_column_div  av-animated-generic bottom-to-top av-zero-column-padding '   ><section  class='av_textblock_section av-3a5j-0889099a490dfc44af23c52b3a8ea1f3 '  itemscope=\"itemscope\" itemtype=\"https:\/\/schema.org\/CreativeWork\" ><div class='avia_textblock '  itemprop=\"text\" ><h3>Zerspanen<\/h3>\n<p><strong>Pr\u00e4zision &#8211; Qualit\u00e4t &#8211; Anspruch &#8211;<\/strong><\/p>\n<p>Unter dem Begriff Zerspanen versteht man im Prinzip alles, was Sp\u00e4ne verursacht. Bohren, Fr\u00e4sen, Drehen, Schleifen sind die wichtigsten Methoden.\u00a0Vor allem die Werkstoffe Stahl, VA, Aluminium, Messing, aber auch Kunststoffe, wie zum Beispiel POM (Polyoxymethylen) werden bei uns zu pr\u00e4zisen Einzelteilen, oder auch zu Baugruppen, bei denen unterschiedliche\u00a0Werkstoffe zum Einsatz kommen, gefertigt.<\/p>\n<p>Mit unserem modernen Maschinenpark und gut ausgebildeten Fachkr\u00e4ften sind wir in der Lage von Losgr\u00f6\u00dfe 1 bis zu Serien zuverl\u00e4ssig zu fertigen und den unterschiedlichen Anforderungen der Nutzfahrzeugindustrie als auch der Medizintechnik gerecht zu werden.<\/p>\n<\/div><\/section><\/div><\/p>\n<div  class='hr av-8p18f-9c92019e48c04850475840a18bd7a586 hr-default  avia-builder-el-9  el_after_av_one_third  el_before_av_one_third  '><span class='hr-inner '><span class=\"hr-inner-style\"><\/span><\/span><\/div>\n\n<style type=\"text\/css\" data-created_by=\"avia_inline_auto\" id=\"style-css-av-7vqg7-f1967071fc5412b1001c02d2f2c776cf\">\n.flex_column.av-7vqg7-f1967071fc5412b1001c02d2f2c776cf{\nborder-radius:0px 0px 0px 0px;\n-webkit-border-radius:0px 0px 0px 0px;\n-moz-border-radius:0px 0px 0px 0px;\n}\n<\/style>\n<div class='flex_column av-7vqg7-f1967071fc5412b1001c02d2f2c776cf av_one_third  avia-builder-el-10  el_after_av_hr  el_before_av_two_third  first flex_column_div  av-animated-generic bottom-to-top av-zero-column-padding '   ><section  class='av_textblock_section av-77ry7-aa1d0e71e7e93f99f98691452dd39ec7 '  itemscope=\"itemscope\" itemtype=\"https:\/\/schema.org\/CreativeWork\" ><div class='avia_textblock '  itemprop=\"text\" ><h3>Metall &#8211; Kunstoff &#8211; Kombinationen<\/h3>\n<p>Wir fertigen ebenfalls Kombinationen aus Metallen und POM-Werkstoffen, die passgenau vereint werden k\u00f6nnen.<\/p>\n<\/div><\/section><\/div>\n\n<style type=\"text\/css\" data-created_by=\"avia_inline_auto\" id=\"style-css-av-6vb3v-7efc5d00c2272faa544a657a00f7da5c\">\n.flex_column.av-6vb3v-7efc5d00c2272faa544a657a00f7da5c{\nborder-radius:0px 0px 0px 0px;\n-webkit-border-radius:0px 0px 0px 0px;\n-moz-border-radius:0px 0px 0px 0px;\n}\n<\/style>\n<div class='flex_column av-6vb3v-7efc5d00c2272faa544a657a00f7da5c av_two_third  avia-builder-el-12  el_after_av_one_third  el_before_av_one_third  flex_column_div  av-animated-generic bottom-to-top av-zero-column-padding '   ><section  class='av_textblock_section av-64i27-b32f3c091c04baf33a1794cd5f3716c4 '  itemscope=\"itemscope\" itemtype=\"https:\/\/schema.org\/CreativeWork\" ><div class='avia_textblock '  itemprop=\"text\" ><div class=\"image-comparator overlay <strong>rounded-handle<\/strong>\" style=\"width: 100%;\"data-ic-value=\"50\"><div class=\"images\"><div class=\"left\" ><img src = \"https:\/\/www.vollberg-gmbh.de\/wp-content\/uploads\/2017\/11\/Kombination7455_1_M.jpg\" alt=\"\" title=\"\"\/><\/div><div class=\"right\" ><img src = \"https:\/\/www.vollberg-gmbh.de\/wp-content\/uploads\/2017\/11\/Kombination7455_1_P.jpg\" alt=\"\" title=\"\"\/><\/div><div class=\"ic-clear\"><!-- Empty --><\/div><\/div><div class=\"slider-wrapper\"><div class=\"slider\" ><!-- Empty --><\/div><\/div><\/div >\n<div class=\"twentytwenty\" class=\"twentytwenty-container\" style=\"display: none; max-width: 100%; width: 1200px; height: 800px\"><img src=\"https:\/\/www.vollberg-gmbh.de\/wp-content\/uploads\/2017\/11\/Kombination7455_1_M.jpg\"\/><img src=\"https:\/\/www.vollberg-gmbh.de\/wp-content\/uploads\/2017\/11\/Kombination7455_1_P.jpg\"\/><\/div>\n<\/div><\/section><\/div>\n<style type=\"text\/css\" data-created_by=\"avia_inline_auto\" id=\"style-css-av-5vgr3-fdcb1e4bc388a33bca2c20cdc39f1ea9\">\n.flex_column.av-5vgr3-fdcb1e4bc388a33bca2c20cdc39f1ea9{\nborder-radius:0px 0px 0px 0px;\n-webkit-border-radius:0px 0px 0px 0px;\n-moz-border-radius:0px 0px 0px 0px;\n}\n<\/style>\n<div class='flex_column av-5vgr3-fdcb1e4bc388a33bca2c20cdc39f1ea9 av_one_third  avia-builder-el-14  el_after_av_two_third  el_before_av_one_third  first flex_column_div av-zero-column-padding column-top-margin'   ><\/div><\/p>\n\n<style type=\"text\/css\" data-created_by=\"avia_inline_auto\" id=\"style-css-av-hjnn-2eeb75f8840a1d6fb1eb5cb6490d1c2b\">\n.flex_column.av-hjnn-2eeb75f8840a1d6fb1eb5cb6490d1c2b{\nborder-radius:0px 0px 0px 0px;\n-webkit-border-radius:0px 0px 0px 0px;\n-moz-border-radius:0px 0px 0px 0px;\n}\n<\/style>\n<div class='flex_column av-hjnn-2eeb75f8840a1d6fb1eb5cb6490d1c2b av_one_third  avia-builder-el-15  el_after_av_one_third  el_before_av_one_third  flex_column_div  av-animated-generic bottom-to-top av-zero-column-padding column-top-margin'   ><div  class='avia-button-wrap avia-button-center  avia-builder-el-16  avia-builder-el-no-sibling ' ><a href='https:\/\/www.vollberg-gmbh.de\/?page_id=400'  class='avia-button av-492o3-f8ca1d750ef2a45c05159d7b7dd3a2bd avia-icon_select-yes-right-icon avia-size-medium avia-position-center avia-color-theme-color ' ><span class='avia_iconbox_title' >Weiter zu: \"Schwei\u00dfen\"<\/span><span class='avia_button_icon avia_button_icon_right' aria-hidden='true' data-av_icon='\ue889' data-av_iconfont='entypo-fontello'><\/span><\/a><\/div><\/div>\n\n<style type=\"text\/css\" data-created_by=\"avia_inline_auto\" id=\"style-css-av-3tw7v-db67059a763f02950629f996d30a4413\">\n.flex_column.av-3tw7v-db67059a763f02950629f996d30a4413{\nborder-radius:0px 0px 0px 0px;\n-webkit-border-radius:0px 0px 0px 0px;\n-moz-border-radius:0px 0px 0px 0px;\n}\n<\/style>\n<div class='flex_column av-3tw7v-db67059a763f02950629f996d30a4413 av_one_third  avia-builder-el-17  el_after_av_one_third  el_before_av_hr  flex_column_div av-zero-column-padding column-top-margin'   ><\/div>\n<div  class='hr av-av_hr-91d7ccd583a503147498e120fee2ff9b hr-default  avia-builder-el-18  el_after_av_one_third  el_before_av_one_half  '><span class='hr-inner '><span class=\"hr-inner-style\"><\/span><\/span><\/div>\n\n<style type=\"text\/css\" data-created_by=\"avia_inline_auto\" id=\"style-css-av-2xo6r-71cb69ef6b22a3fcbb3af82a124194d0\">\n.flex_column.av-2xo6r-71cb69ef6b22a3fcbb3af82a124194d0{\nborder-radius:0px 0px 0px 0px;\n-webkit-border-radius:0px 0px 0px 0px;\n-moz-border-radius:0px 0px 0px 0px;\n}\n<\/style>\n<div class='flex_column av-2xo6r-71cb69ef6b22a3fcbb3af82a124194d0 av_one_half  avia-builder-el-19  el_after_av_hr  el_before_av_one_half  first flex_column_div  av-animated-generic bottom-to-top av-zero-column-padding '   ><article  class=\"iconbox iconbox_top av-1yqe7-535dd09e7cf966b5256acac0c82255fa  avia-builder-el-20  avia-builder-el-no-sibling  main_color \"  itemscope=\"itemscope\" itemtype=\"https:\/\/schema.org\/CreativeWork\" ><div class=\"iconbox_content\"><header class=\"entry-content-header\"><div class=\"iconbox_icon heading-color\" aria-hidden='true' data-av_icon='\ue854' data-av_iconfont='entypo-fontello'><\/div><h3 class='iconbox_content_title  '  itemprop=\"headline\" ><a href='https:\/\/www.vollberg-gmbh.de\/?page_id=25' title='Rufen Sie uns an.'  >Rufen Sie uns an.<\/a><\/h3><\/header><div class='iconbox_content_container  '  itemprop=\"text\" ><p>+49 (0) 6081 \/ 96 58 00<\/p>\n<\/div><\/div><footer class=\"entry-footer\"><\/footer><\/article><\/div>\n\n<style type=\"text\/css\" data-created_by=\"avia_inline_auto\" id=\"style-css-av-5heb-79a614e300189bb9da82054871b01da8\">\n.flex_column.av-5heb-79a614e300189bb9da82054871b01da8{\nborder-radius:0px 0px 0px 0px;\n-webkit-border-radius:0px 0px 0px 0px;\n-moz-border-radius:0px 0px 0px 0px;\n}\n<\/style>\n<div class='flex_column av-5heb-79a614e300189bb9da82054871b01da8 av_one_half  avia-builder-el-21  el_after_av_one_half  avia-builder-el-last  flex_column_div  av-animated-generic bottom-to-top av-zero-column-padding '   ><article  class=\"iconbox iconbox_top av-3jpz-34913b267918c6397be17bac89ec5bbc  avia-builder-el-22  avia-builder-el-no-sibling  main_color \"  itemscope=\"itemscope\" itemtype=\"https:\/\/schema.org\/CreativeWork\" ><div class=\"iconbox_content\"><header class=\"entry-content-header\"><div class=\"iconbox_icon heading-color\" aria-hidden='true' data-av_icon='\ue805' data-av_iconfont='entypo-fontello'><\/div><h3 class='iconbox_content_title  '  itemprop=\"headline\" ><a href='mailto:info@vollberg-gmbh.de' title='Schreiben Sie uns eine E-Mail.'  >Schreiben Sie uns eine E-Mail.<\/a><\/h3><\/header><div class='iconbox_content_container  '  itemprop=\"text\" ><p>info@vollberg-gmbh.de<\/p>\n<\/div><\/div><footer class=\"entry-footer\"><\/footer><\/article><\/div>\n","protected":false},"excerpt":{"rendered":"","protected":false},"author":1,"featured_media":0,"parent":17,"menu_order":1,"comment_status":"closed","ping_status":"closed","template":"","meta":[],"_links":{"self":[{"href":"https:\/\/www.vollberg-gmbh.de\/index.php?rest_route=\/wp\/v2\/pages\/27"}],"collection":[{"href":"https:\/\/www.vollberg-gmbh.de\/index.php?rest_route=\/wp\/v2\/pages"}],"about":[{"href":"https:\/\/www.vollberg-gmbh.de\/index.php?rest_route=\/wp\/v2\/types\/page"}],"author":[{"embeddable":true,"href":"https:\/\/www.vollberg-gmbh.de\/index.php?rest_route=\/wp\/v2\/users\/1"}],"replies":[{"embeddable":true,"href":"https:\/\/www.vollberg-gmbh.de\/index.php?rest_route=%2Fwp%2Fv2%2Fcomments&post=27"}],"version-history":[{"count":85,"href":"https:\/\/www.vollberg-gmbh.de\/index.php?rest_route=\/wp\/v2\/pages\/27\/revisions"}],"predecessor-version":[{"id":1283,"href":"https:\/\/www.vollberg-gmbh.de\/index.php?rest_route=\/wp\/v2\/pages\/27\/revisions\/1283"}],"up":[{"embeddable":true,"href":"https:\/\/www.vollberg-gmbh.de\/index.php?rest_route=\/wp\/v2\/pages\/17"}],"wp:attachment":[{"href":"https:\/\/www.vollberg-gmbh.de\/index.php?rest_route=%2Fwp%2Fv2%2Fmedia&parent=27"}],"curies":[{"name":"wp","href":"https:\/\/api.w.org\/{rel}","templated":true}]}}